{"id":305,"date":"2025-10-17T18:09:46","date_gmt":"2025-10-17T16:09:46","guid":{"rendered":"https:\/\/sokolparktech.pl\/?post_type=product&#038;p=305"},"modified":"2026-02-11T00:09:14","modified_gmt":"2026-02-10T22:09:14","slug":"piloty-i-urzadzenia-sterujace","status":"publish","type":"product","link":"https:\/\/sokolparktech.pl\/index.php\/produkt\/piloty-i-urzadzenia-sterujace\/","title":{"rendered":"PILOTY I URZ\u0104DZENIA STERUJ\u0104CE"},"content":{"rendered":"<p><strong data-start=\"245\" data-end=\"278\">Piloty i urz\u0105dzenia steruj\u0105ce<\/strong> to niezb\u0119dne akcesoria do automatycznych system\u00f3w bramowych i parkingowych. Umo\u017cliwiaj\u0105 <strong data-start=\"367\" data-end=\"456\">zdalne i bezpieczne otwieranie oraz zamykanie bram, szlaban\u00f3w i system\u00f3w parkingowych<\/strong>, zapewniaj\u0105c komfort i pe\u0142n\u0105 kontrol\u0119 nad dost\u0119pem do posesji lub obiektu.<\/p>\n","protected":false},"excerpt":{"rendered":"<p>Piloty i urz\u0105dzenia steruj\u0105ce to niezb\u0119dne akcesoria do automatycznych system\u00f3w bramowych i parkingowych. Umo\u017cliwiaj\u0105 zdalne i bezpieczne otwieranie oraz zamykanie bram, szlaban\u00f3w i system\u00f3w parkingowych, zapewniaj\u0105c komfort i pe\u0142n\u0105 kontrol\u0119 nad dost\u0119pem do posesji lub obiektu.<\/p>\n","protected":false},"featured_media":1945,"comment_status":"open","ping_status":"closed","template":"","meta":[],"product_brand":[],"product_cat":[61],"product_tag":[],"class_list":{"0":"post-305","1":"product","2":"type-product","3":"status-publish","4":"has-post-thumbnail","6":"product_cat-piloty-i-urzadzenia-sterujace","8":"first","9":"instock","10":"taxable","11":"shipping-taxable","12":"purchasable","13":"product-type-simple"},"_links":{"self":[{"href":"https:\/\/sokolparktech.pl\/index.php\/wp-json\/wp\/v2\/product\/305","targetHints":{"allow":["GET"]}}],"collection":[{"href":"https:\/\/sokolparktech.pl\/index.php\/wp-json\/wp\/v2\/product"}],"about":[{"href":"https:\/\/sokolparktech.pl\/index.php\/wp-json\/wp\/v2\/types\/product"}],"replies":[{"embeddable":true,"href":"https:\/\/sokolparktech.pl\/index.php\/wp-json\/wp\/v2\/comments?post=305"}],"wp:featuredmedia":[{"embeddable":true,"href":"https:\/\/sokolparktech.pl\/index.php\/wp-json\/wp\/v2\/media\/1945"}],"wp:attachment":[{"href":"https:\/\/sokolparktech.pl\/index.php\/wp-json\/wp\/v2\/media?parent=305"}],"wp:term":[{"taxonomy":"product_brand","embeddable":true,"href":"https:\/\/sokolparktech.pl\/index.php\/wp-json\/wp\/v2\/product_brand?post=305"},{"taxonomy":"product_cat","embeddable":true,"href":"https:\/\/sokolparktech.pl\/index.php\/wp-json\/wp\/v2\/product_cat?post=305"},{"taxonomy":"product_tag","embeddable":true,"href":"https:\/\/sokolparktech.pl\/index.php\/wp-json\/wp\/v2\/product_tag?post=305"}],"curies":[{"name":"wp","href":"https:\/\/api.w.org\/{rel}","templated":true}]}}