{"id":316,"date":"2025-10-17T18:50:15","date_gmt":"2025-10-17T16:50:15","guid":{"rendered":"https:\/\/sokolparktech.pl\/?post_type=product&#038;p=316"},"modified":"2025-10-28T18:18:37","modified_gmt":"2025-10-28T16:18:37","slug":"prefabrykaty","status":"publish","type":"product","link":"https:\/\/sokolparktech.pl\/index.php\/produkt\/prefabrykaty\/","title":{"rendered":"PREFABRYKATY MONTA\u017bOWE POD SZLABAN CAME GT8"},"content":{"rendered":"<p data-start=\"277\" data-end=\"569\"><strong data-start=\"277\" data-end=\"302\">Prefabrykaty betonowe<\/strong> to gotowe elementy konstrukcyjne, kt\u00f3re znajduj\u0105 szerokie zastosowanie w budowie\u00a0system\u00f3w parkingowych. Wykonane z wysokiej jako\u015bci betonu, gwarantuj\u0105 trwa\u0142o\u015b\u0107, odporno\u015b\u0107 na obci\u0105\u017cenia i szybki monta\u017c.<\/p>\n<hr data-start=\"571\" data-end=\"574\" \/>\n<div class=\"x14z9mp xat24cr x1lziwak x1vvkbs xtlvy1s x126k92a\">\n<div dir=\"auto\">Blok betonowy zawiera:<\/div>\n<div dir=\"auto\"><span class=\"html-span xexx8yu xyri2b x18d9i69 x1c1uobl x1hl2dhg x16tdsg8 x1vvkbs x3nfvp2 x1j61x8r x1fcty0u xdj266r xat24cr xm2jcoa x1mpyi22 xxymvpz xlup9mm x1kky2od\"><img decoding=\"async\" class=\"xz74otr x15mokao x1ga7v0g x16uus16 xbiv7yw\" src=\"https:\/\/static.xx.fbcdn.net\/images\/emoji.php\/v9\/t54\/1\/16\/1f529.png\" alt=\"\ud83d\udd29\" width=\"16\" height=\"16\" \/><\/span><span class=\"html-span xexx8yu xyri2b x18d9i69 x1c1uobl x1hl2dhg x16tdsg8 x1vvkbs x3nfvp2 x1j61x8r x1fcty0u xdj266r xat24cr xm2jcoa x1mpyi22 xxymvpz xlup9mm x1kky2od\"><img decoding=\"async\" class=\"xz74otr x15mokao x1ga7v0g x16uus16 xbiv7yw\" src=\"https:\/\/static.xx.fbcdn.net\/images\/emoji.php\/v9\/t54\/1\/16\/1f529.png\" alt=\"\ud83d\udd29\" width=\"16\" height=\"16\" \/><\/span>Kotwy monta\u017cowe: \u015bruby wystaj\u0105 w odpowiednich miejscach, gotowe do zamocowania podstawy szlabanu.<\/div>\n<\/div>\n<div class=\"x14z9mp xat24cr x1lziwak x1vvkbs xtlvy1s x126k92a\">\n<div dir=\"auto\"><span class=\"html-span xexx8yu xyri2b x18d9i69 x1c1uobl x1hl2dhg x16tdsg8 x1vvkbs x3nfvp2 x1j61x8r x1fcty0u xdj266r xat24cr xm2jcoa x1mpyi22 xxymvpz xlup9mm x1kky2od\"><img decoding=\"async\" class=\"xz74otr x15mokao x1ga7v0g x16uus16 xbiv7yw\" src=\"https:\/\/static.xx.fbcdn.net\/images\/emoji.php\/v9\/t40\/1\/16\/1f50c.png\" alt=\"\ud83d\udd0c\" width=\"16\" height=\"16\" \/><\/span><span class=\"html-span xexx8yu xyri2b x18d9i69 x1c1uobl x1hl2dhg x16tdsg8 x1vvkbs x3nfvp2 x1j61x8r x1fcty0u xdj266r xat24cr xm2jcoa x1mpyi22 xxymvpz xlup9mm x1kky2od\"><img decoding=\"async\" class=\"xz74otr x15mokao x1ga7v0g x16uus16 xbiv7yw\" src=\"https:\/\/static.xx.fbcdn.net\/images\/emoji.php\/v9\/t40\/1\/16\/1f50c.png\" alt=\"\ud83d\udd0c\" width=\"16\" height=\"16\" \/><\/span>Przepusty kablowe: umo\u017cliwiaj\u0105 \u0142atwe okablowanie.<\/div>\n<\/div>\n<div class=\"x14z9mp xat24cr x1lziwak x1vvkbs xtlvy1s x126k92a\">\n<div dir=\"auto\"><span class=\"html-span xexx8yu xyri2b x18d9i69 x1c1uobl x1hl2dhg x16tdsg8 x1vvkbs x3nfvp2 x1j61x8r x1fcty0u xdj266r xat24cr xm2jcoa x1mpyi22 xxymvpz xlup9mm x1kky2od\"><img decoding=\"async\" class=\"xz74otr x15mokao x1ga7v0g x16uus16 xbiv7yw\" src=\"https:\/\/static.xx.fbcdn.net\/images\/emoji.php\/v9\/t4d\/1\/16\/1f4de.png\" alt=\"\ud83d\udcde\" width=\"16\" height=\"16\" \/><\/span><span class=\"html-span xexx8yu xyri2b x18d9i69 x1c1uobl x1hl2dhg x16tdsg8 x1vvkbs x3nfvp2 x1j61x8r x1fcty0u xdj266r xat24cr xm2jcoa x1mpyi22 xxymvpz xlup9mm x1kky2od\"><img loading=\"lazy\" decoding=\"async\" class=\"xz74otr x15mokao x1ga7v0g x16uus16 xbiv7yw\" src=\"https:\/\/static.xx.fbcdn.net\/images\/emoji.php\/v9\/tc0\/1\/16\/1f4e9.png\" alt=\"\ud83d\udce9\" width=\"16\" height=\"16\" \/><\/span>Produkcja na zam\u00f3wienie<\/div>\n<div dir=\"auto\"><\/div>\n<\/div>\n<div class=\"x14z9mp xat24cr x1lziwak x1vvkbs xtlvy1s x126k92a\">\n<div dir=\"auto\">Fundamenty s\u0105 wykonywane zgodnie ze specyfikacj\u0105 klienta \u2013 uwzgl\u0119dniamy wymiary, rozmieszczenie \u015brub kotwi\u0105cych, przepusty kablowe oraz wymagania dotycz\u0105ce rodzaju urz\u0105dzenia.<\/div>\n<\/div>\n<div class=\"x14z9mp xat24cr x1lziwak x1vvkbs xtlvy1s x126k92a\">\n<div dir=\"auto\">Dzi\u0119ki temu prefabrykat jest gotowy do natychmiastowego u\u017cycia i idealnie dopasowany do miejsca monta\u017cu.<\/div>\n<\/div>\n<h3 data-start=\"576\" data-end=\"614\"><strong data-start=\"583\" data-end=\"614\">Zastosowanie prefabrykat\u00f3w:<\/strong><\/h3>\n<ul>\n<li data-start=\"615\" data-end=\"677\">\n<p data-start=\"617\" data-end=\"677\">Fundamenty pod szlabany, s\u0142upki i urz\u0105dzenia steruj\u0105ce<\/p>\n<\/li>\n<li data-start=\"678\" data-end=\"747\">\n<p data-start=\"680\" data-end=\"747\">Elementy mocuj\u0105ce do system\u00f3w parkingowych i kontroli dost\u0119pu<\/p>\n<\/li>\n<li data-start=\"748\" data-end=\"811\">\n<p data-start=\"750\" data-end=\"811\">Bloki i p\u0142yty betonowe do budowy ogrodze\u0144 lub wygrodze\u0144<\/p>\n<\/li>\n<li data-start=\"814\" data-end=\"891\">Prefabrykowane podstawy dla urz\u0105dze\u0144 technicznych<\/li>\n<\/ul>\n<p>Podane ceny s\u0105 cenami brutto (VAT 23%)<\/p>\n","protected":false},"excerpt":{"rendered":"<p>Prefabrykaty betonowe to gotowe elementy konstrukcyjne, kt\u00f3re znajduj\u0105 szerokie zastosowanie w budowie\u00a0system\u00f3w parkingowych. Wykonane z wysokiej jako\u015bci betonu, gwarantuj\u0105 trwa\u0142o\u015b\u0107, odporno\u015b\u0107 na obci\u0105\u017cenia i szybki monta\u017c. Blok betonowy zawiera: Kotwy monta\u017cowe: \u015bruby wystaj\u0105 w odpowiednich miejscach, gotowe do zamocowania podstawy szlabanu. Przepusty kablowe: umo\u017cliwiaj\u0105 \u0142atwe okablowanie. Produkcja na zam\u00f3wienie Fundamenty s\u0105 wykonywane zgodnie ze specyfikacj\u0105 [&hellip;]<\/p>\n","protected":false},"featured_media":317,"comment_status":"open","ping_status":"closed","template":"","meta":[],"product_brand":[],"product_cat":[58],"product_tag":[],"class_list":{"0":"post-316","1":"product","2":"type-product","3":"status-publish","4":"has-post-thumbnail","6":"product_cat-prefabrykaty-montazowe","8":"first","9":"instock","10":"taxable","11":"shipping-taxable","12":"purchasable","13":"product-type-simple"},"_links":{"self":[{"href":"https:\/\/sokolparktech.pl\/index.php\/wp-json\/wp\/v2\/product\/316","targetHints":{"allow":["GET"]}}],"collection":[{"href":"https:\/\/sokolparktech.pl\/index.php\/wp-json\/wp\/v2\/product"}],"about":[{"href":"https:\/\/sokolparktech.pl\/index.php\/wp-json\/wp\/v2\/types\/product"}],"replies":[{"embeddable":true,"href":"https:\/\/sokolparktech.pl\/index.php\/wp-json\/wp\/v2\/comments?post=316"}],"wp:featuredmedia":[{"embeddable":true,"href":"https:\/\/sokolparktech.pl\/index.php\/wp-json\/wp\/v2\/media\/317"}],"wp:attachment":[{"href":"https:\/\/sokolparktech.pl\/index.php\/wp-json\/wp\/v2\/media?parent=316"}],"wp:term":[{"taxonomy":"product_brand","embeddable":true,"href":"https:\/\/sokolparktech.pl\/index.php\/wp-json\/wp\/v2\/product_brand?post=316"},{"taxonomy":"product_cat","embeddable":true,"href":"https:\/\/sokolparktech.pl\/index.php\/wp-json\/wp\/v2\/product_cat?post=316"},{"taxonomy":"product_tag","embeddable":true,"href":"https:\/\/sokolparktech.pl\/index.php\/wp-json\/wp\/v2\/product_tag?post=316"}],"curies":[{"name":"wp","href":"https:\/\/api.w.org\/{rel}","templated":true}]}}