{"id":445,"date":"2025-10-25T13:00:37","date_gmt":"2025-10-25T11:00:37","guid":{"rendered":"https:\/\/sokolparktech.pl\/?post_type=product&#038;p=445"},"modified":"2025-10-26T22:34:42","modified_gmt":"2025-10-26T20:34:42","slug":"blokady-parkingowe","status":"publish","type":"product","link":"https:\/\/sokolparktech.pl\/index.php\/produkt\/blokady-parkingowe\/","title":{"rendered":"BLOKADY PARKINGOWE"},"content":{"rendered":"<p data-start=\"0\" data-end=\"264\"><strong data-start=\"21\" data-end=\"43\">Blokady parkingowe<\/strong> to <strong data-start=\"47\" data-end=\"95\">urz\u0105dzenia zabezpieczaj\u0105ce miejsca postojowe<\/strong> przed nieuprawnionym zaj\u0119ciem przez inne pojazdy. Stosuje si\u0119 je najcz\u0119\u015bciej na prywatnych parkingach, osiedlach, przed firmami lub budynkami u\u017cyteczno\u015bci publicznej.<\/p>\n<p data-start=\"0\" data-end=\"264\">\n","protected":false},"excerpt":{"rendered":"<p>Blokady parkingowe to urz\u0105dzenia zabezpieczaj\u0105ce miejsca postojowe przed nieuprawnionym zaj\u0119ciem przez inne pojazdy. Stosuje si\u0119 je najcz\u0119\u015bciej na prywatnych parkingach, osiedlach, przed firmami lub budynkami u\u017cyteczno\u015bci publicznej.<\/p>\n","protected":false},"featured_media":446,"comment_status":"open","ping_status":"closed","template":"","meta":[],"product_brand":[],"product_cat":[45],"product_tag":[],"class_list":{"0":"post-445","1":"product","2":"type-product","3":"status-publish","4":"has-post-thumbnail","6":"product_cat-slupki-parkingowe","8":"first","9":"instock","10":"taxable","11":"shipping-taxable","12":"product-type-simple"},"_links":{"self":[{"href":"https:\/\/sokolparktech.pl\/index.php\/wp-json\/wp\/v2\/product\/445","targetHints":{"allow":["GET"]}}],"collection":[{"href":"https:\/\/sokolparktech.pl\/index.php\/wp-json\/wp\/v2\/product"}],"about":[{"href":"https:\/\/sokolparktech.pl\/index.php\/wp-json\/wp\/v2\/types\/product"}],"replies":[{"embeddable":true,"href":"https:\/\/sokolparktech.pl\/index.php\/wp-json\/wp\/v2\/comments?post=445"}],"wp:featuredmedia":[{"embeddable":true,"href":"https:\/\/sokolparktech.pl\/index.php\/wp-json\/wp\/v2\/media\/446"}],"wp:attachment":[{"href":"https:\/\/sokolparktech.pl\/index.php\/wp-json\/wp\/v2\/media?parent=445"}],"wp:term":[{"taxonomy":"product_brand","embeddable":true,"href":"https:\/\/sokolparktech.pl\/index.php\/wp-json\/wp\/v2\/product_brand?post=445"},{"taxonomy":"product_cat","embeddable":true,"href":"https:\/\/sokolparktech.pl\/index.php\/wp-json\/wp\/v2\/product_cat?post=445"},{"taxonomy":"product_tag","embeddable":true,"href":"https:\/\/sokolparktech.pl\/index.php\/wp-json\/wp\/v2\/product_tag?post=445"}],"curies":[{"name":"wp","href":"https:\/\/api.w.org\/{rel}","templated":true}]}}